v**3/3 - 8*v**2 - 12. What is w(15)?
-17
Let n(h) = -8*h**2. Suppose 4*z + z - 35 = 0. Let q(i) = 2*i - 12*i**2 - 13 - z*i + 13*i**2. Let w be q(7). Determine n(w).
-8
Let j be (54/21)/(9/42). Let n = j - 12. Let f(d) = 4*d**3 - 7*d + 4 + 8*d**2 - 5*d**3 + n*d**3. Calculate f(7).
4
Let k(o) be the third derivative of -o**6/360 + o**5/12 - o**4/6 - 5*o**3/2 - 9*o**2 + 2*o. Let z(v) be the first derivative of k(v). What is z(9)?
5
Let t(i) = 2*i**2 - 5*i - 1. Let l(s) be the second derivative of s**4/6 - 7*s**3/6 - s**2 - 8*s. Let x(z) = -2*l(z) + 3*t(z). What is x(2)?
7
Let y(r) = r**3 + 10*r**2 + 3*r + 8. Suppose 9 = -2*a - 11. Determine y(a).
-22
Let y(m) = -m**3 - m - 1. Let i(o) = -5*o**2 + 2*o - 13. Let x(k) = -i(k) + 6*y(k). Let u(c) = -c**3 + c**2 - c + 1. Let r(p) = -4*u(p) + x(p). What is r(2)?
-17
Let q(f) be the third derivative of f**7/2520 + f**6/90 + f**5/60 + 9*f**4/8 - 33*f**2. Let k(s) be the second derivative of q(s). Give k(-6).
-10
Let c(r) = -4 - 6*r**2 + 4*r**3 - r**2 + 8*r + 2*r**3 + 11*r**3 - 16*r**3. Give c(6).
8
Let f(w) = -w**2 - 5*w + 7. Let g be (38/20 - (-48)/80)*-2. Calculate f(g).
7
Let n(z) = -2*z + 4. Let t(l) = -l**3 + 13*l**2 + 9*l - 32. Let k be t(14). Let o be k/(-14) + 2/(-7) + -3. Determine n(o).
-4
Suppose 8 = k + k. Let o(p) = -p + 4. Let s(c) = -c + 3. Suppose -3*h - 20 = 4. Let l(g) = h*s(g) + 5*o(g). Determine l(k).
8
Suppose -4 = -2*i - j + 9, -3*j + 14 = i. Let n(v) = -2*v**3 + 14*v**2 - 9*v**2 - 2*v + v**3 - 6 + v + 4*v. Determine n(i).
9
Let j(p) be the first derivative of -5*p - 1 + 1/2*p**3 + 1/2*p**2. Let a(y) be the first derivative of j(y). Give a(2).
7
Let w(c) = -c**2 + c + 20. Suppose 2*s = 3*h + 2, -7*h - 6*s + 2*s = -4. Calculate w(h).
20
Let m be (2 - 0)/(2*(-7)/(-63)). Let s be 3/m*6/2. Let j(y) = -17*y**3 - y**2 + 1. Give j(s).
-17
Suppose 3 = 3*u - 4*m + 23, -5*u = -5*m + 25. Suppose u*k - 19 = 2*k + 3*c, -2*k - 14 = 2*c. Let b(v) = -v**2 - v - 1. Give b(k).
-3
Let n(c) be the third derivative of -c**5/30 - c**4/2 - 5*c**3/3 - 269*c**2. Calculate n(-4).
6
Let i(f) = -f**2 + 7*f + 7. Suppose -107 + 77 = -5*v. What is i(v)?
13
Let d(k) be the first derivative of k**3/3 + k**2/2 + 2*k + 193. Determine d(-2).
4
Let x(y) = -y**3 + 9*y**2 - 13*y + 2. Let w be x(7). Let h(q) = -7 - 3*q + w - 4. What is h(-2)?
4
Let z(y) = -y**2 + 5*y - 6. Let w be 17/3 + 2/6. Let i(o) = o - 15. Let s be i(16). Let p = w - s. Calculate z(p).
-6
Let d(r) = r**2 + 6*r - 4. Let k be 45/(-10)*(-12)/(-9). Determine d(k).
-4
Let o(n) be the third derivative of n**4/24 - 5*n**3/2 + 75*n**2 + 4*n. Calculate o(5).
-10
Let a(w) = -3*w - 2 + 6 - 3. Suppose o - 8 = -o - y, 0 = 3*y. Suppose 14*n = 12*n - o. What is a(n)?
7
Suppose 4*n = b - 6, -4*n = -0*b + 2*b. Let w(l) be the third derivative of 0 + 0*l - 7*l**b + 1/6*l**3 + 1/24*l**4. Give w(-1).
0
Let s(q) = q**3 + 4*q**2 - 11*q + 4. Let u(i) = -i**3 + 19*i**2 - 6. Let o be u(19). Calculate s(o).
-2
Let f(a) = -1 - 4 + 6*a - 1 + 6. Calculate f(6).
36
Let c be 2 + 7 + (-4 - 5). Let a(w) = -w**2 + 2*w - 8. What is a(c)?
-8
Let y(u) = u**3 + 3*u**2 + 3*u + 2. Let z be y(-2). Let h(l) = -5 - l + 0*l**2 + l**2 + 15. What is h(z)?
10
Let z = 89 + -75. Let h(n) = -8*n - z*n - 9*n + 34*n. Let b = -3 + 2. What is h(b)?
-3
Suppose -5*o = -22 + 2. Suppose -o*f = -i + 4, 3*i = -4*f - 0*f + 12. Let q(c) = c**2 - 2*c**2 - 1 + 5 + f - 2*c. Determine q(3).
-11
Let p = 2 + -3. Let u(d) = -3*d + 6. Let m(l) = -l + 1. Suppose 2*f = 4*f + 3*a - 11, -f = -a + 2. Let n(h) = f*u(h) - 5*m(h). Calculate n(p).
-1
Let s be (4 + (-5 - -2))*0 - 4. Let z(p) = -p**2 - 7*p + 4. Calculate z(s).
16
Let s(f) = -f**2 - 7*f - 5. Let d = -40 - -66. Let q = d + -33. Determine s(q).
-5
Let g(z) be the third derivative of z**6/120 + z**5/15 - 11*z**4/24 - 10*z**3/3 - 478*z**2. Calculate g(-5).
10
Let a(x) = -x + 4. Suppose -17*u = 125 + 28. Calculate a(u).
13
Let v = -6 + -54. Let p = v + 59. Let r(i) = 9*i**3 + 2*i**2 + i. Calculate r(p).
-8
Let b(k) = 5 + 10 + 8 - 22 - 6*k. Calculate b(-1).
7
Let i(j) = j**2 + 2. Suppose 0 = -16*g + 21*g + 155. Let b = g + 33. Give i(b).
6
Let o = 18 - 13. Let d(z) = 3 + z**2 + 2*z**2 - o*z - 4*z**2 - 3*z. Determine d(-7).
10
Let i(k) = 2*k - 6. Let r(w) = -2*w + 4. Let z(m) = -3*m + 23. Let t be z(8). Let n be r(t). What is i(n)?
6
Suppose -5*o = -4*q - 36, 3*o + 9 - 33 = 3*q. Let s(n) = 4*n + 1. Determine s(q).
-15
Let k(s) = -15*s. Suppose 0 = 5*g - 3*n - 1, g - 2*g - 4*n = 9. Give k(g).
15
Suppose 0 = 4*n + n + 30. Let v = n + 13. Let h(g) = 4*g**3 + 20*g - 4 - 27*g - 5*g**3 + 8*g**2. Calculate h(v).
-4
Let r(k) = -11*k + 36. Let p(s) = 8*s - 25. Let q(w) = 7*p(w) + 5*r(w). Let t(b) = -b**2 + 3*b + 6. Let f be t(5). Give q(f).
1
Let a(f) = f - 11. Let m(z) = z - 10. Let d(w) = 3*a(w) - 4*m(w). Suppose 21*h = 16*h + 125. Suppose 0 = -3*v - 2*v + h. Give d(v).
2
Let i(d) = -2*d - 4. Let b be ((-67)/2)/(5/(-10)). Suppose -b = 3*h - 58. What is i(h)?
2
Suppose 0 = 4*p + p - 3*t - 7, -4*t + 10 = 3*p. Let m(v) = -2*v**p - 7 + v**3 + 0*v + v - 3*v**2. Let o = -13 + 18. Give m(o).
-2
Let r(a) be the first derivative of 3/2*a**2 + 2*a - 2 + 1/4*a**4 - 5/3*a**3. Suppose -3*o + 17 = 5. Give r(o).
-2
Suppose 3 = -5*v + 18. Suppose -35*t = -27*t - 80. Suppose -v*x - 7 = -t. Let y(n) = -12*n**2 + 2*n - 1. What is y(x)?
-11
Let f(w) be the first derivative of -w**2/2 + 7*w + 4. Let h be f(7). Let b(d) = 4*d**3 + h*d**2 + 6 - 5 - 3*d**3 + 3*d**2 - d. Calculate b(-3).
4
Suppose k + 7 = -0*k. Let d(x) = 3 - 42*x + 79*x - 38*x. What is d(k)?
10
Let z(o) = 430*o - 435*o + 5*o**2 - 3 - 3*o**2. Suppose -10 = -k - 3*i, -2*k - 4*i = i - 18. Determine z(k).
9
Let i be 483/92 - (-6)/8. Let b(r) = -r**3 + 5*r**2 + 9*r - 7. What is b(i)?
11
Let y(c) be the first derivative of -c**4/4 + c**2/2 + 4*c - 312. Give y(3).
-20
Let g(w) = -w + 12. Suppose -9 = -2*i - 1. Let u be -6 + 3 + -1 + i. Give g(u).
12
Let f(b) be the first derivative of -b**4/4 + 8*b**3/3 - 7*b**2/2 - 6*b - 12. Suppose -9*s = -4*s - 35. Determine f(s).
-6
Let c(j) = -2*j**2 + 8*j - 5. Let s be c(2). Let d(h) be the second derivative of 3*h - 1/12*h**4 + h**2 + 0 - 1/3*h**s. Calculate d(-3).
-1
Let g(x) = -x**2 + 7*x - 4. Suppose 3*m + 49 = 5*c - m, -22 = -3*c - 5*m. Let t = 16 - c. Give g(t).
-4
Let t(y) = 3*y**3 + 4*y**2 + 4*y + 3. Let c(f) = 3*f**3 - 4*f**2 - 6*f + 2. Let v be c(2). Give t(v).
-13
Let x = 2 + -5. Let j(u) be the first derivative of -u**2/2 - u + 160. Give j(x).
2
Let k(d) be the first derivative of -1/4*d**4 - 5 + 5*d + 8/3*d**3 + 9/2*d**2. Determine k(9).
5
Let j(d) = -d**2 - 18*d + 40. Let l be j(-20). Let x(f) = -f**2 - f - 3. Determine x(l).
-3
Let l(p) = 20 + 13 - 45 + p + 16. Calculate l(0).
4
Let y(p) = p**2 - 14*p - 1. Let g(b) = -b**2 + 21*b + 1. Let f(d) = -5*g(d) - 7*y(d). Determine f(-7).
-47
Suppose -21*u + 39 = 207. Let v(r) = -r**2 - 6*r. Determine v(u).
-16
Suppose 32 = -34*p + 38*p. Let x(l) = -5*l + 11 - 2 + l + 3*l. Calculate x(p).
1
Let o = -20 + 23. Let f(w) = o - 5 + 5 - 2 + 7*w**2. Give f(-1).
8
Let s(y) = -2*y + 5. Suppose 5*n = o + 53, -5*n = -0*n - 4*o - 62. Let h be -2*(-1 + (-15)/n). Give s(h).
-5
Let d(f) = -f**3 + 2*f**2 + 18*f - 10 + f**2 + 0*f**2 - f**2. What is d(5)?
5
Let t(p) = -10*p**2 - p. Suppose 996 = -5*k + 1001. What is t(k)?
-11
Let q(r) = 4 + 3*r + 1 + 0*r - 2. Let n(h) be the second derivative of h**3/2 + 3*h**2/2 + 9*h. Let b(z) = 4*n(z) - 3*q(z). Calculate b(-3).
-6
Suppose -3*f - 83 - 35 = 5*q, -5*f - q - 182 = 0. Let d be f/(-48)*16/6. Let h(j) = -4*j**2 - 4*j + 5 + 2*j**d + 3*j**2. Calculate h(4).
5
Let g(l) = 2*l - 4. Suppose u + 4 = 2*u, -c = 3*u - 14. Give g(c).
0
Let u(r) = 2*r - 10. Let j = -112 + 118. Calculate u(j).
2
Let r(o) = 0 + 2 + 4 + 3*o - 3. What is r(-4)?
-9
Suppose 711*v = 718*v - 63. Let t(b) = b - 2. What is t(v)?
7
Let w(i) = -2*i**2 + 3*i. Let s = 24 + 8. Let d = -30 + s. Give w(d).
-2
Let j(o) = -3*o - 1. Let h(z) = 3*z + 1. Let b(y) = 3*h(y) + 2*j(y). Let q = 635 - 637. Give b(q).
-5
Let v(c) = -c. Suppose -48*p + 6 = -47*p. What is v(p)?
-6
Let h(r) be the third derivative of r**6/360 + r**5/30 - r**4/6 + r**3/6 + 15*r**2. Let u(m) be the first derivative of h(m). Give u(-4).
-4
Let h(f) = 7 + 1 + 2*f + 3*f - 3*f. Let v be h(-5). Le